e highest common factor of 750 and 480?
30
What is the highest common factor of 95 and 5?
5
Calculate the greatest common divisor of 36 and 8271.
9
What is the highest common divisor of 1037 and 51?
17
What is the highest common factor of 7261 and 53?
53
Calculate the greatest common divisor of 20 and 1740.
20
Calculate the greatest common factor of 36 and 852.
12
What is the greatest common factor of 36 and 522?
18
What is the highest common divisor of 8 and 24?
8
What is the highest common factor of 132 and 1914?
66
What is the greatest common divisor of 120 and 3396?
12
Calculate the greatest common factor of 80 and 50.
10
What is the greatest common divisor of 1721 and 1?
1
Calculate the greatest common factor of 506 and 368.
46
Calculate the highest common factor of 464 and 174.
58
What is the greatest common factor of 95 and 38?
19
Calculate the greatest common divisor of 83 and 166.
83
What is the highest common factor of 1054 and 155?
31
What is the greatest common factor of 153 and 55233?
153
What is the highest common factor of 50 and 130?
10
What is the greatest common divisor of 72 and 744?
24
What is the highest common divisor of 909 and 9?
9
Calculate the highest common divisor of 36 and 711.
9
What is the highest common divisor of 42 and 14?
14
Calculate the highest common divisor of 16 and 4296.
8
Calculate the greatest common factor of 8 and 10616.
8
What is the highest common factor of 8 and 324?
4
Calculate the greatest common divisor of 28 and 15358.
14
Calculate the highest common divisor of 583 and 242.
11
What is the highest common factor of 4 and 52?
4
What is the greatest common divisor of 10 and 75?
5
Calculate the highest common divisor of 2888 and 19.
19
What is the greatest common factor of 894 and 24?
6
What is the highest common factor of 2152 and 2421?
269
Calculate the highest common factor of 5053 and 62.
31
Calculate the highest common divisor of 1026 and 4.
2
Calculate the highest common divisor of 248 and 93.
31
What is the highest common divisor of 192 and 4656?
48
What is the greatest common divisor of 10 and 730?
10
What is the greatest common factor of 50 and 320?
10
What is the greatest common divisor of 218 and 50?
2
What is the greatest common factor of 18 and 1260?
18
What is the greatest common divisor of 150 and 200?
50
Calculate the greatest common divisor of 1111 and 505.
101
What is the greatest common factor of 84 and 67956?
84
What is the greatest common divisor of 369 and 6929?
41
What is the highest common divisor of 208 and 64?
16
What is the highest common factor of 18 and 12?
6
Calculate the highest common divisor of 632 and 4187.
79
What is the greatest common factor of 3827 and 129?
43
Calculate the greatest common divisor of 9 and 60327.
9
Calculate the greatest common factor of 1244 and 40.
4
What is the highest common factor of 52 and 1625?
13
What is the highest common divisor of 2688 and 42?
42
Calculate the greatest common divisor of 66 and 6.
6
Calculate the greatest common factor of 3186 and 270.
54
What is the greatest common factor of 616 and 3608?
88
What is the greatest common factor of 44 and 4?
4
Calculate the greatest common divisor of 38311 and 182.
91
What is the highest common divisor of 1414 and 1?
1
Calculate the highest common divisor of 126 and 28.
14
Calculate the highest common divisor of 76 and 2033.
19
Calculate the greatest common factor of 143 and 143.
143
Calculate the highest common divisor of 68 and 60.
4
What is the highest common factor of 86739 and 87?
87
Calculate the greatest common factor of 1716 and 1560.
156
What is the highest common divisor of 198 and 1683?
99
What is the highest common divisor of 100 and 140?
20
Calculate the highest common divisor of 888 and 36.
12
Calculate the greatest common factor of 10 and 10490.
10
What is the highest common factor of 4142 and 654?
218
What is the highest common factor of 5069 and 37?
37
What is the highest common divisor of 30 and 48060?
30
Calculate the highest common factor of 240 and 624.
48
Calculate the highest common divisor of 8430 and 4777.
281
Calculate the highest common factor of 376 and 658.
94
Calculate the greatest common divisor of 5775 and 231.
231
Calculate the highest common factor of 84 and 12.
12
Calculate the greatest common divisor of 104 and 143.
13
Calculate the greatest common factor of 13 and 533.
13
What is the greatest common factor of 12 and 3?
3
What is the greatest common factor of 1824 and 3249?
57
Calculate the greatest common divisor of 102 and 153.
51
What is the highest common divisor of 4680 and 1053?
117
What is the greatest common factor of 30 and 810?
30
What is the highest common factor of 2162 and 47?
47
Calculate the greatest common divisor of 1900 and 76.
76
What is the greatest common factor of 144 and 18432?
144
Calculate the greatest common factor of 267 and 1246.
89
Calculate the highest common factor of 58 and 58.
58
What is the greatest common factor of 2585 and 12220?
235
Calculate the greatest common divisor of 154 and 176.
22
What is the greatest common divisor of 2254 and 686?
98
Calculate the highest common divisor of 2560 and 160.
160
Calculate the greatest common divisor of 78 and 546.
78
Calculate the greatest common divisor of 96 and 11616.
96
What is the greatest common divisor of 30 and 18?
6
What is the greatest common divisor of 13 and 5057?
13
What is the greatest common divisor of 680 and 80?
40
What is the greatest common factor of 18 and 384?
6
What is the highest common divisor of 100 and 1110?
10
What is the highest common factor of 182 and 26?
26
What is the highest common factor of 91 and 1833?
13
What is the greatest common divisor of 1515 and 60?
15
What is the greatest common factor of 310 and 10?
10
Calculate the highest common divisor of 1444 and 304.
76
Calculate the greatest common divisor of 30 and 1905.
15
What is the greatest common divisor of 810 and 10?
10
What is the greatest common factor of 88 and 748?
44
Calculate the highest common divisor of 176 and 55.
11
What is the highest common factor of 344 and 8?
8
Calculate the highest common factor of 64 and 696.
8
Calculate the greatest common divisor of 11976 and 12.
12
What is the highest common divisor of 220 and 132?
44
What is the highest common divisor of 3 and 888?
3
What is the greatest common factor of 3107 and 13?
13
Calculate the greatest common divisor of 1472 and 64.
64
What is the greatest common divisor of 791 and 904?
113
What is the greatest common factor of 4585 and 245?
35
Calculate the highest common divisor of 13 and 2327.
13
Calculate the greatest common divisor of 3969 and 98.
49
Calculate the highest common factor of 5 and 145.
5
What is the highest common divisor of 25 and 305?
5
What is the greatest common factor of 165 and 957?
33
Calculate the greatest common factor of 300 and 1450.
50
Calculate the highest common divisor of 198 and 88.
22
What is the highest common divisor of 931 and 49?
49
What is the highest common factor of 2330 and 50?
10
Calculate the highest common factor of 8 and 24.
8
Calculate the greatest common factor of 26 and 46.
2
Calculate the greatest common divisor of 2864 and 32.
16
Calculate the highest common divisor of 2940 and 35.
35
What is the greatest common factor of 13949 and 1131?
377
Calculate the highest common divisor of 354 and 13334.
118
What is the highest common factor of 143 and 91?
13
What is the highest common factor of 1665 and 90?
45
What is the highest common factor of 98 and 4?
2
What is the highest common divisor of 3422 and 58?
58
What is the highest common factor of 44 and 2398?
22
Calculate the greatest common divisor of 66 and 90.
6
Calculate the greatest common factor of 471 and 4553.
157
What is the greatest common factor of 4504 and 8?
8
Calculate the greatest common divisor of 25 and 24075.
25
What is the greatest common factor of 13 and 3341?
13
Calculate the greatest common divisor of 568 and 1562.
142
Calculate the highest common divisor of 136 and 102.
34
What is the greatest common divisor of 20 and 305?
5
Calculate the highest common divisor of 44 and 100.
4
Calculate the highest common factor of 101 and 1717.
101
What is the greatest common divisor of 69 and 115?
23
What is the high